= -1422. Let p = -262 - w. List the prime factors of p.
2, 7, 23
Let j(c) = 2447*c - 4253. List the prime factors of j(11).
2, 2833
Let h(i) be the first derivative of 6*i**2 + 4*i + 10. Let z(w) = 3*w - 21. Let n be z(9). List the prime factors of h(n).
2, 19
Let q(x) = 71*x**3 - 3*x**2 - 7*x + 7. Let z(u) = 213*u**3 - 8*u**2 - 22*u + 20. Let j(i) = 7*q(i) - 2*z(i). What are the prime factors of j(2)?
547
Suppose -7*t - 2 = 33. List the prime factors of (13 + -5)/(1/(-120)*t).
2, 3
Let k(l) be the second derivative of 1/20*l**5 + 0 - 7/6*l**4 + 6*l + 12*l**2 + 5/2*l**3. What are the prime factors of k(13)?
2, 5
Let w be (8 - (9 - 10))/((-6)/(-8)). Suppose 0 = -9*i + w*i - 1485. What are the prime factors of i?
3, 5, 11
Let o(c) = -2283*c - 496. What are the prime factors of o(-4)?
2, 17, 127
What are the prime factors of (-2 + 2 + 492)*(-24)/(-18)?
2, 41
Suppose -3*d - 10*d - 9*d + 96888 = 0. List the prime factors of d.
2, 3, 367
Suppose -9383*i = -9356*i - 130248. List the prime factors of i.
2, 3, 67
Let j(s) = 268*s**2 - 32*s + 220. What are the prime factors of j(10)?
2, 3, 5, 89
Let t = -361 - -186. Let q be -59*t/20 + 2/(-8). Let a = q + -358. What are the prime factors of a?
2, 79
Let j = 33357 + -12351. What are the prime factors of j?
2, 3, 389
Suppose -3*z - 1015 = -1129. Suppose 5*w + 36*d - z*d = 8119, 5*w = -4*d + 8107. What are the prime factors of w?
3, 541
Let u(r) = -918*r + 106. What are the prime factors of u(-2)?
2, 971
Let o(f) = 21*f**3 - f**2 + 22*f + 59. Let y be o(-3). Let v = y - -1047. List the prime factors of v.
2, 29
Let k be (-518)/(-63) - 6/27. Suppose -10*s + 325 = -5*s. Let x = s - k. List the prime factors of x.
3, 19
Suppose 5*k = -2*n + 20451, 2*n - 2*k - 3736 - 16722 = 0. What are the prime factors of n?
2, 2557
Let z(q) = q**3 + 3*q**2 + q + 5. Let v be z(0). Let t be -1*(v/(20/(-16)) - -4). Suppose -4*g = b - 5*b - 876, -g + 4*b + 222 = t. List the prime factors of g.
2, 109
Suppose -7 = 2*x - 5, -x = 2*f - 13299. What are the prime factors of f?
2, 5, 7, 19
Let s(g) be the third derivative of -g**6/120 - 13*g**5/20 - 37*g**4/12 - 43*g**3/3 - 129*g**2. What are the prime factors of s(-38)?
2, 641
Let t be 1070/16 - (-7)/56. Let p = t - 4. Let z = p + 28. What are the prime factors of z?
7, 13
Suppose -5*a - 563 = 2*h - 2404, 4595 = 5*h + 5*a. Let w = -356 + h. What are the prime factors of w?
2, 281
Let m(i) = 13*i - 4. Let d be m(-4). List the prime factors of (d/(-24) + -5)*186/(-4).
2, 31
Suppose 4*j + 15 = 3*o, -j - 2 = -4*o + 5*o. Suppose -4*n + g = -o + 22, -4*n - 4*g - 16 = 0. List the prime factors of 1 - 22/n*60/6.
3, 5
Let x be (-40)/6 + (-6)/(-9). Let h(d) = -d**2 - 7*d - 3. Let z be h(x). Suppose 3*g - 2*g + 259 = 4*s, 3*s - 213 = -z*g. List the prime factors of s.
2, 3, 11
Let j(g) = 42 + 8*g - 32 - 154. What are the prime factors of j(24)?
2, 3
Let p = -202 - -46. What are the prime factors of ((-100)/3)/(13/p)?
2, 5
Let p = -311 - -176. Let a = 297 + p. List the prime factors of a.
2, 3
Let f be 240/(9 + 1)*(-21 - -1). Let a be 2 + (-2 + 672)/1. Let i = f + a. What are the prime factors of i?
2, 3
Let p = -3752 - -6681. List the prime factors of p.
29, 101
Let n(p) = -2918*p + 93. What are the prime factors of n(-17)?
13, 3823
Let p(w) = -9*w + 3*w**2 - 1 + 31*w**3 + 37*w - 41*w**3 + 5 + 3. List the prime factors of p(-5).
2, 149
Let f(l) = -l**3 - 21*l**2 - 105*l - 7. Let c be f(-7). Suppose -4*k = -3*k. Suppose c*v - 45*v + 438 = k. What are the prime factors of v?
2, 73
Let x(l) = -4*l**2 - 5*l - 10. Let r be x(8). Let p = r + 654. List the prime factors of p.
2, 3, 29
Let x = 1614 - -2919. What are the prime factors of x?
3, 1511
Let d(u) = 184*u**2 - 120*u - 2117. List the prime factors of d(-17).
29, 1831
List the prime factors of 7578/12*(8/(-6))/(-1).
2, 421
Let i = 118 - 813. Let g = i - -1096. What are the prime factors of g?
401
Let n = -16174 + 38882. What are the prime factors of n?
2, 7, 811
Let t(a) = -a**3 - 2*a**2 + 26*a + 4. Let n be t(-7). Let i = 290 + n. List the prime factors of i.
3, 7, 17
Let p = 2082 - -7311. What are the prime factors of p?
3, 31, 101
Suppose -3*o - 12*o + 1995 = 0. Suppose o*q - 130*q - 1410 = 0. What are the prime factors of q?
2, 5, 47
What are the prime factors of (-308)/(-98)*7 - -3075?
19, 163
Let r(o) = -27*o**3 + 12*o**2 - 5*o + 1. What are the prime factors of r(-10)?
3, 43, 73
Let b be 2*(234/(-4))/(-3). Let c = 273 + b. What are the prime factors of c?
2, 3, 13
Suppose -q - 214 = -o, 2*o + 4*q = 3*q + 425. Let l = 332 - o. Let t = l + 19. List the prime factors of t.
2, 3, 23
Let d = -52 - -54. Suppose -d*t - h + 205 = -4*h, -3*t = 2*h - 327. Let r = -48 + t. What are the prime factors of r?
59
Let f = 8561 + 9276. List the prime factors of f.
17837
List the prime factors of 1/((28 + -4)/334680).
5, 2789
Let u(a) = 6214*a - 52. What are the prime factors of u(3)?
2, 5, 11, 13
Let a = -10173 + 15456. What are the prime factors of a?
3, 587
Let g(h) = h**3 + 3*h**2 + 3*h - 2. Let z be g(-3). Let a(f) = -26*f - 32. List the prime factors of a(z).
2, 127
Suppose 5*l - 34*a = -33*a + 69714, -4*l + 55764 = -2*a. What are the prime factors of l?
2, 3, 7, 83
Let b(d) = 211*d**2 - 3*d - 6. Let c be b(-2). Suppose -5*k = -p + 540, p - c = -k - 292. What are the prime factors of p?
2, 5, 11
Let f(l) = -l**3 - 9*l**2 + 3. Let x be f(-7). Let h = x + 94. List the prime factors of (h - 1) + 2/((-4)/(-82)).
3, 13
Let z = -137 - -139. Suppose 215 = -z*u - 39. Let r = -51 - u. List the prime factors of r.
2, 19
Let u = 510 - 507. Suppose -u*h + 89 + 70 = 0. What are the prime factors of h?
53
Let r be 1/(-4) - 1563/4. Let i = 1463 + r. What are the prime factors of i?
2, 67
Let m = -56 - -64. Suppose -3*n - m = -4*i + 142, -i = 3*n - 45. Suppose -48*a = -45*a - i. What are the prime factors of a?
13
Let d = 427 + -426. List the prime factors of ((90/25)/d)/((-3)/(-630)).
2, 3, 7
What are the prime factors of -7 - 6*(-3 - 62282/33)?
5, 2267
Suppose -4*u = 2*i - 2*u - 12506, i + 2*u = 6256. List the prime factors of i.
2, 5
Suppose -31*l + 1068123 = -549961 + 403721. List the prime factors of l.
43, 911
Suppose 0 = -2*b - 0*b - 8*b. Suppose 3422 = 3*u + 5*g, b = -u - g + 466 + 676. List the prime factors of u.
2, 11, 13
Let t be 9/5*170/51. Let u be (25/(-10))/(15/t + -2). Let w(g) = 7*g**2 - g - 7. List the prime factors of w(u).
173
Suppose 0 = -d - 3*o + 37226, -2*d - 7*o + 3344 = -71100. What are the prime factors of d?
2, 5, 149
Let c(k) = 2*k**2 + 2*k - 82 - k - 2*k + k**3 + 91. Let h be c(-3). Suppose -h*g = -357 + 123. What are the prime factors of g?
2, 3, 13
List the prime factors of 12749352/693 - 16/3.
2, 11, 19
Let g(k) = -27*k**2 + 1. Let d = 128 + -130. Let w be g(d). Let h = w - -269. What are the prime factors of h?
2, 3
Let p(m) = -4522*m - 1941. What are the prime factors of p(-6)?
3, 311
Suppose 3*w = -3*w. Suppose -3*i + 2906 = 4*r, i + 2*r - 970 = -w*r. List the prime factors of i/18 + 1/3.
2, 3
Let u = -209 + 347. Let c be ((-3)/9)/((-2)/u). Suppose 500 = 5*p + 5*d, c + 83 = p + 3*d. What are the prime factors of p?
97
Suppose -5*s + 7*s = 4. Let p(m) = 4 + 2*m**s - 6*m - m + 10*m. What are the prime factors of p(4)?
2, 3
Suppose 0 = -59*r - 48*r + 1989289 + 638952. What are the prime factors of r?
7, 11, 29
Suppose 3*g = -4*h + 32336, -41*h - 40417 = -46*h - 3*g. List the prime factors of h.
8081
Let m be 2 + (4 - (5 + 0)) - -1. Suppose -5*s - 7 = 8, -m*w = -2*s - 1904. What are the prime factors of w?
13, 73
Let g = 989 + -367. Suppose -2*l + g = -278. List the prime factors of l.
2, 3, 5
Let b be 18/3*63/6. Let r be 4/(-18) - 112/b. List the prime factors of r + 28 - (-2)/(-2).
5
Let s be -2 - ((-340)/90 - (-6)/(-27)). Suppose -778 = -s*d + 4*q, 5*d = q - 5*q + 1917. List the prime factors of d.
5, 7, 11
Suppose 13 + 7 = 4*t. Let g be -2 + 9*((-65)/(-9) + -7). Suppose t*c - 484 - 171 = g. List the prime factors of c.
131
Suppose 3 = 16*d - 15*d. Suppose 0*t = -4*t + d*a + 41, 0 = t - 3*a + 1. Suppose 0 = 3*x - 235 - t. List the prime factors of x.
83
Let s be 2/30*-2 - (-30688)/(-240). Let g = 320 + s. List the prime factors of g.
2, 3
Suppose -5*f + 70615 = x, f + 3*x - 15882 + 1745 = 0. What are the prime factors of f?
2